{"id":33,"date":"2023-01-25T22:08:24","date_gmt":"2023-01-25T22:08:24","guid":{"rendered":"https:\/\/cogmob.hu\/2024\/?page_id=33"},"modified":"2025-01-06T23:55:43","modified_gmt":"2025-01-06T23:55:43","slug":"cognitive-mobility-2023-archive-archive","status":"publish","type":"page","link":"https:\/\/cogmob.hu\/2024\/","title":{"rendered":"3rd International Conference on Cognitive Mobility 2024_archive_archive"},"content":{"rendered":"\n<h2>Introduction<\/h2>\n<p>3rd International Conference on Cognitive Mobility 2024<\/p>\n<p>7th\u20138th Oct. 2024, Conference in Budapest, Hungary<\/p>\n<\/div>\n<p> Upload your abstract and paper <a href=\"https:\/\/easychair.org\/conferences\/?conf=cogmob2024\">here<\/a>! <\/p>\n\n<p> Selected papers will be invited to be published with extended version in highly ranked journals. <\/p>\n<ul class=\"blank\">\n<li>Promet \u2013 Traffic&#038;Transportation &#8211; IF 0.7, Scopus, WoS <\/li>\n<li>Periodica Polytechnica &#8211; Transportation Engineering, Q2, Scopus<\/li>\n<li>Infocommunications Journal &#8211; Q3, Scopus <\/li>\n<li>Cognitive Sustainability <\/li>\n<li>Energies special issue: Cognitive Tools for Sustainable Mobility  &#8211; IF 3.0, Scopus, WoS <a href=\"https:\/\/www.mdpi.com\/journal\/energies\/special_issues\/8N76Q249O2\">more details about the special issue avaliable here<\/a>! <\/li> \n\n<h2>Scope<\/h2>\n<p>Cognitive Mobility (CogMob) investigates the entangled combination of the research areas such as mobility, transportation, vehicle engineering, social sciences, artificial intelligence, cognitive infocommunications. The key aim of CogMob is to provide a holistic view of how mobility in a broader aspect can be understood, described (modeled), and optimized as the blended combination of artificial and natural\/human cognitive systems. It considers the whole combination as one unseparable CogMob system and investigates what kind of new cognitive capabilities of this CogMob system are emerging. One of the CogMob focus areas, based on its nature, is the engineering applications in the mobility domain.<\/p>\n<h2>Topics<\/h2>\n<!--\n<p>The conference is open to topic proposals. Please click <a href=\"https:\/\/forms.gle\/YxFoZ4bydzcLDVcn9\" target=\"_blank\" rel=\"noopener\">HERE<\/a> to submit your proposal.<\/p>\n-->\n\n<ul class=\"blank\">\n\t<li>Artificial cognitive capabilities  in mobility<\/li>\n\t<li>AI, Maschine and deep learning in transport<\/li>\n\t<li>Human-Machine Interface<\/li>\n\t<li>Effect of Future of Internet to mobility<\/li>\n        <li>Cognitive approach in supply chain<\/li> \n\t<li>Fuels and lubricants for the cognitive vehicles<\/li>\n\t<li>Cognitive sciences in the digital world<\/li>\n        <li>Sustainability in cognitive transport infrastructure<\/li>\n        <li>Machine learning for vehicle and traffic control<\/li>\n\t<li>Embodied and enactive cognitive systems effect on mobility<\/li>\n\t<li>Cognitive networks and their intelligent capabilities<\/li>\n\t<li>Human Interfaces: bio, cognitive, digital and wearable interfaces \u2013 augmented reality in transport<\/li>\n\t<li>Intelligent Vehicle and Transportation Systems<\/li>\n\t<li>Smart transport<\/li>\n\t<li>Cognitive Infocommunication based learnability for transport<\/li>\n\t<li>Digital Reality in Human development a new area of effective teaching in transport<\/li>\n        <li>Mobility in precision agriculture <\/li>\n<\/ul>\n<h2>Committees<\/h2>\n<h5>Chair<\/h5>\n<p>Prof. Dr. M\u00e1t\u00e9 Z\u00f6ldy DSc., <i>Budapest University of Technology and Economics, Hungary<\/i><\/p>\n<h5>Honorary Committee<\/h5>\n<p>Prof. Bokor J\u00f3zsef, <i>MTA SZTAKI<\/i><\/p>\n<p>Prof. Imre Rudas, <i>Obuda University, Hungary<\/i><\/p>\n<p>Prof. P\u00e9ter Baranyi, <i>Corvinus University, Hungary<\/i><\/p>\n<h5>International Scientific Board Chair<\/h5>\n<p>Prof. Wojciech Tutak, <i>Czestochowa Univeristy of Technology, Poland<\/i><\/p>\n<h5>International Scientific Board<\/h5>\n<p>Prof. Istv\u00e1n Barab\u00e1s, <i>TU Cluj, Romania<\/i><\/p>\n<p>Prof. Aleksander S\u0142adkowski, <i>Silezian Univeristy of Technology, Poland<\/i><\/p>\n<p>Dr. Szil\u00e1rd Aradi, <i>BME, Hungary<\/i><\/p>\n<p>Prof. Tarek Tutunji, <i>HTU, Jordan<\/i><\/p>\n<p>Prof. J\u00f3zsef Tar, <i>Obuda University, Hungary<\/i><\/p>\n<p>Prof. L\u00e1szl\u00f3 Horv\u00e1th, <i>Obuda University, Hungary<\/i><\/p>\n<p>Prof. Annam\u00e1ria V\u00e1rkonyin\u00e9-K\u00f3czy, <i>Obuda University, Hungary<\/i><\/p>\n<p>Prof. Szabocs Fischer,  <i> Szechenyi University <\/i><\/p>\n<h5>International organising committee<\/h5>\n<p>Prof. Olja Cokorilo, <i>University of Beograd, Serbia<\/i><\/p>\n<p>Prof. Zoran Lulic, <i>University of Zagreb, Croatia<\/i><\/p>\n<p>Dr. Dhinesh Balasubramanian, <i>Mepco Schlenk Engineering College, India<\/i><\/p>\n<p>Dr. Tam\u00e1s B\u00e9csi, <i>BME, Hungary<\/i><\/p>\n<p>Dr. Ludmi\u0142a Filina-Dawidowicz, <i>West Pomeranian University of Technology, Poland<\/i><\/p>\n<p>Dr. habil \u00c1rp\u00e1d T\u00f6r\u00f6k, <i>Budapest University of Technology and Economics, Hungary<\/i><\/p>\n<p>Dr. habil. M\u00e1ria Csete Szalm\u00e1n\u00e9, <i>Budapest University of Technology and Economics, Hungary<\/i><\/p>\n<p>Dr. Csaba T\u00f3th-Nagy, <i> Sz\u00e9chenyi Istv\u00e1n University Gy\u0151r, Hungary<\/i><\/p>\n<p>Dr. Anna Sud\u00e1r, <i> Corvinus University Budapest, Hungary<\/i><\/p>\n<p>Dr. Edward Koz\u0142owski, <i> Lublin University of Technology, Poland<\/i><\/p>\n\n<h5>Technical Program Committee Chair<\/h5>\n<p>Prof. Ersan Kabalc\u0131 <i> Nevsehir Haci Bektas Veli University, Turkiye<\/i><\/p>\n<h5>TPC Co-Chair<\/h5>\n<p>Prof. Erdal Irmak <\/i> Gazi University, Turkiye<\/p>\n<p>Prof. Yasin Kabalc\u0131 <\/i> Nigde Omer Halisdemir University, Turkiye <\/p>\n<p>Ankit R. Patel, University of Minho, Portugal<\/p>\n<!--\n<h5>Publication Chair<\/h5>\n<p> tbd <\/p>\n\n<p>Anik\u00f3 Szak\u00e1l, \u00d3buda University, Hungary<\/p>\n<h5>Treasurer<\/h5>\n<p>Anik\u00f3 Szak\u00e1l, \u00d3buda University, Hungary<\/p>\n-->\n<!-- Sponsor & Organizer -->\n<!--\n<h2> Sponsor and organiser <\/h2>\n<div class=\"supporter\">\n  <div class=\"supporter-logo\"><img decoding=\"async\" src=\"\/wp-content\/uploads\/2023\/04\/1200px-IEEE_logo.svg_-300x97-1.png\"><\/div>\n  <div class=\"supporter-title\">\n    <p><big>IEEE Hungary Section<\/big><\/p>\n    <p><big>IEEE Computational Intelligence Chapter, Hungary <\/big><\/p>\n    <p><big>IEEE RAS Chapter, Hungary<\/big><\/p>\n  <\/div>\n-->\n<\/div>\n<h2>Host and industrial platina partner<\/h2>\n<div class=\"supporter\">\n  <div class=\"supporter-logo\"><img decoding=\"async\" src=\"\/wp-content\/uploads\/2023\/04\/Bosch_symbol_logo_black_red_HU.png\"><\/div>\n  <div class=\"supporter-title\">\n    <p><big>Robert Bosch Kft.<\/big><\/p>\n  <\/div>\n<h2>Exclusive gold partner<\/h2>\n<div class=\"supporter\">\n  <div class=\"supporter-logo\"><img decoding=\"async\" src=\"\/wp-content\/uploads\/2024\/09\/Energotest.png \"><\/div>\n  <div class=\"supporter-title\">\n    <p><big>Energotest Kft.<\/big><\/p>\n  <\/div>\n<h2>Mobility Research and Innovation Partner<\/h2>\n<div class=\"supporter\">\n  <div class=\"supporter-logo\"><img decoding=\"async\" src=\"https:\/\/cogmob.hu\/2024\/wp-content\/uploads\/2024\/09\/HUMDA_lab.jpg\"><\/div>\n  <div class=\"supporter-title\">\n    <p><big>HUMDA-Lab<\/big><\/p>\n  <\/div>\n<\/div>\n<h2>In Scientific cooperation with<\/h2>\n<div class=\"table-sups\">\n  <div>\n    <div>\n      <div class=\"sup-logo\"><img decoding=\"async\" src=\"\/wp-content\/uploads\/2024\/07\/Presentation1.png\"><\/div>\n      <div class=\"sup-title\">Promet \u2013 Traffic&#038;Transportation<\/div>\n    <\/div>\n  <\/div>\n  <div>\n    <div>\n      <div class=\"sup-logo\"><img decoding=\"async\" src=\"\/wp-content\/uploads\/2024\/07\/journalThumbnail_en_US.png\"><\/div>\n      <div class=\"sup-title\">Periodica Politechnica Transportation Engineering<\/div>\n    <\/div>\n  <\/div>\n  <div>\n    <div>\n      <div class=\"sup-logo\"><img decoding=\"async\" src=\"\/wp-content\/uploads\/2024\/07\/infocommunications_journal.png\"><\/div>\n      <div class=\"sup-title\">Infocommunications Journal<\/div>\n    <\/div>\n  <\/div>\n  <div>\n    <div>\n      <div class=\"sup-logo\"><img decoding=\"async\" src=\"\/wp-content\/uploads\/2024\/07\/pageHeaderLogoImage_en_US.png\"><\/div>\n      <div class=\"sup-title\">Cognitive Sustainability<\/div>\n    <\/div>\n  <\/div>\n  <div>\n    <div>\n      <div class=\"sup-logo\"><img decoding=\"async\" src=\"\/wp-content\/uploads\/2024\/07\/energies-logo.webp\"><\/div>\n      <div class=\"sup-title\">Energies<\/div>\n    <\/div>\n  <\/div>\n<\/div>\n<h2>Scientific partners<\/h2>\n<div style=\"margin: 0.2em 4em;padding: 1em 0 0;border: 1px solid #ddd;background-color: white;\"><img decoding=\"async\" style=\"width: 10%;display: block;margin: 0 auto 1em;\" src=\"\/wp-content\/uploads\/2024\/05\/MTA-logo.png\"><\/div>\n<p style=\"text-align: center;\"><big>Hungarian Academy of Sciences<\/big><\/p>\n<div style=\"margin: 0.2em 4em;padding: 1em 0 0;border: 1px solid #ddd;background-color: white;\"><img decoding=\"async\" style=\"width: 20%;display: block;margin: 0 auto 1em;\" src=\"\/wp-content\/uploads\/2023\/02\/logo_obudai_egyetem.png\"><\/div>\n<p style=\"text-align: center;\"><big>\u00d3budai Egyetem \/ \u00d3buda University<\/big><\/p>\n<div style=\"margin: 0.2em 4em;padding: 1em 0 0;border: 1px solid #ddd;background-color: white;\"><img decoding=\"async\" style=\"width: 10%;display: block;margin: 0 auto 1em;\" src=\"\/wp-content\/uploads\/2023\/02\/logo_mernokakademia.png\"><\/div>\n<p style=\"text-align: center;\"><big>Hungarian Academy of Engineering<\/big><\/p>\n<div style=\"margin: 0.2em 4em;padding: 1em 0 0;border: 1px solid #ddd;background-color: white;\"><img decoding=\"async\" style=\"width: 10%;display: block;margin: 0 auto 1em;\" src=\"\/wp-content\/uploads\/2023\/02\/loog_BME_innovativ_jarmutechnologiak.jpg\"><\/div>\n<p style=\"text-align: center;\"><big>BME Innovat\u00edv J\u00e1rm\u0171technol\u00f3gi\u00e1k \/ BME Innovative Vehicle Technologies<\/big><\/p>\n<h2>Adult Education Co-Organizer<\/h2>\n<div style=\"margin: 0.2em 4em;padding: 1em 0 0;border: 1px solid #ddd;background-color: white;\"><img decoding=\"async\" style=\"width: 10%;display: block;margin: 0 auto 1em;\" src=\"\/wp-content\/uploads\/2024\/08\/nagy_fekete_BPMK_logo-2023.png\"><\/div>\n<p style=\"text-align: center;\"><big>Budapesti \u00e9s Pest V\u00e1rmegyei M\u00e9rn\u00f6ki Kamara <\/big><\/p>\n\n<h2>Conference Co-Organizer<\/h2>\n<div style=\"margin: 0.2em 4em;padding: 1em 0 0;border: 1px solid #ddd;background-color: white;\"><img decoding=\"async\" style=\"width: 20%;display: block;margin: 0 auto 1em;\" src=\"wp-content\/uploads\/2024\/09\/RSVP-logo.png\"><\/div>\n<p style=\"text-align: center;\"><big>RSVP<\/big><\/p>\n<\/div>\n<h2>Sustainability partner<\/h2>\n<div style=\"margin: 0.2em 4em;padding: 1em 0 0;border: 1px solid #ddd;background-color: white;\"><img decoding=\"async\" style=\"width: 20%;display: block;margin: 0 auto 1em;\" src=\"wp-content\/uploads\/2024\/09\/brandandlogo_cover_2.jpg\"><\/div>\n<p style=\"text-align: center;\"><big>Brand &#038; logo<\/big><\/p>\n<\/div>\n\n\n<!--\n<h2>Industrial Co-Sponsor<\/h2>\n<p class=\"comment\">\u2026in preparation\u2026<\/p>\n<h2>In Scientific Co-Operation With<\/h2>\n<p class=\"comment\">\u2026in preparation\u2026<\/p>\n-->\n\n\n\n<p><\/p>\n","protected":false},"excerpt":{"rendered":"<p>Introduction 3rd International Conference on Cognitive Mobility 2024 7th\u20138th Oct. 2024, Conference in Budapest, Hungary Upload your abstract and paper here! Selected&hellip; <span><a href=\"https:\/\/cogmob.hu\/2024\/\">( Read More )<\/a><\/span><\/p>\n","protected":false},"author":1,"featured_media":0,"parent":0,"menu_order":0,"comment_status":"closed","ping_status":"closed","template":"","meta":{"footnotes":""},"class_list":["post-33","page","type-page","status-publish","hentry"],"_links":{"self":[{"href":"https:\/\/cogmob.hu\/2024\/wp-json\/wp\/v2\/pages\/33","targetHints":{"allow":["GET"]}}],"collection":[{"href":"https:\/\/cogmob.hu\/2024\/wp-json\/wp\/v2\/pages"}],"about":[{"href":"https:\/\/cogmob.hu\/2024\/wp-json\/wp\/v2\/types\/page"}],"author":[{"embeddable":true,"href":"https:\/\/cogmob.hu\/2024\/wp-json\/wp\/v2\/users\/1"}],"replies":[{"embeddable":true,"href":"https:\/\/cogmob.hu\/2024\/wp-json\/wp\/v2\/comments?post=33"}],"version-history":[{"count":111,"href":"https:\/\/cogmob.hu\/2024\/wp-json\/wp\/v2\/pages\/33\/revisions"}],"predecessor-version":[{"id":797,"href":"https:\/\/cogmob.hu\/2024\/wp-json\/wp\/v2\/pages\/33\/revisions\/797"}],"wp:attachment":[{"href":"https:\/\/cogmob.hu\/2024\/wp-json\/wp\/v2\/media?parent=33"}],"curies":[{"name":"wp","href":"https:\/\/api.w.org\/{rel}","templated":true}]}}